{"id":6767,"date":"2020-07-22T13:09:23","date_gmt":"2020-07-22T11:09:24","guid":{"rendered":"https:\/\/www.curlynights.com\/?post_type=product&#038;p=6767"},"modified":"2022-12-07T16:28:55","modified_gmt":"2022-12-07T15:28:55","slug":"short-madras-vert","status":"publish","type":"product","link":"https:\/\/www.curlynights.com\/fr\/shop\/short-madras-vert\/","title":{"rendered":"Short MADRAS VERT"},"content":{"rendered":"<p>Tour de taille r\u00e9glable : 40-100 cm<\/p>\n<p>Portez votre short taille haute ou sur les hanches.<\/p>\n<p>Longueur: 40 cm<\/p>\n<p>Longueur \u00e0 l&rsquo;entrejambe : 12 cm<\/p>\n<p>Tour de hanches : 110 cm<\/p>\n<p>Tour de cuisse : 70 cm<\/p>\n","protected":false},"excerpt":{"rendered":"<p>Styl\u00e9e de la nuit au brunch : sentez-vous \u00e0 l&rsquo;aise dans votre petit short en madras !<\/p>\n<ul>\n<li>100% coton madras<\/li>\n<li>r\u00e9glable gr\u00e2ce \u00e0 la taille \u00e9lastique et aux rubans en satin<\/li>\n<li>2 poches c\u00f4t\u00e9 invisibles<\/li>\n<\/ul>\n","protected":false},"featured_media":6769,"template":"","meta":[],"product_brand":[],"product_cat":[127,65],"product_tag":[],"class_list":{"0":"post-6767","1":"product","2":"type-product","3":"status-publish","4":"has-post-thumbnail","6":"product_cat-linge-de-nuit","7":"product_cat-shorts-fr","9":"first","10":"instock","11":"sale","12":"purchasable","13":"product-type-simple"},"yoast_head":"<!-- This site is optimized with the Yoast SEO plugin v27.4 - https:\/\/yoast.com\/product\/yoast-seo-wordpress\/ -->\n<title>Short MADRAS VERT &#8902; Curly Nights<\/title>\n<meta name=\"description\" content=\"Le petit short de pyjama en madras \u00e0 poches Curly Nights que vous ne voudrez plus quitter, \u00e0 porter de jour comme de nuit !\" \/>\n<meta name=\"robots\" content=\"index, follow, max-snippet:-1, max-image-preview:large, max-video-preview:-1\" \/>\n<link rel=\"canonical\" href=\"https:\/\/www.curlynights.com\/fr\/shop\/short-madras-vert\/\" \/>\n<meta property=\"og:locale\" content=\"fr_FR\" \/>\n<meta property=\"og:type\" content=\"article\" \/>\n<meta property=\"og:title\" content=\"Short MADRAS VERT &#8902; Curly Nights\" \/>\n<meta property=\"og:description\" content=\"Le petit short de pyjama en madras \u00e0 poches Curly Nights que vous ne voudrez plus quitter, \u00e0 porter de jour comme de nuit !\" \/>\n<meta property=\"og:url\" content=\"https:\/\/www.curlynights.com\/fr\/shop\/short-madras-vert\/\" \/>\n<meta property=\"og:site_name\" content=\"Curly Nights\" \/>\n<meta property=\"article:modified_time\" content=\"2022-12-07T15:28:55+00:00\" \/>\n<meta property=\"og:image\" content=\"https:\/\/www.curlynights.com\/wp-content\/uploads\/2020\/07\/2020-35-1-2-1.jpg\" \/>\n\t<meta property=\"og:image:width\" content=\"1024\" \/>\n\t<meta property=\"og:image:height\" content=\"1024\" \/>\n\t<meta property=\"og:image:type\" content=\"image\/jpeg\" \/>\n<meta name=\"twitter:card\" content=\"summary_large_image\" \/>\n<meta name=\"twitter:label1\" content=\"Dur\u00e9e de lecture estim\u00e9e\" \/>\n\t<meta name=\"twitter:data1\" content=\"1 minute\" \/>\n<script type=\"application\/ld+json\" class=\"yoast-schema-graph\">{\"@context\":\"https:\\\/\\\/schema.org\",\"@graph\":[{\"@type\":\"WebPage\",\"@id\":\"https:\\\/\\\/www.curlynights.com\\\/fr\\\/shop\\\/short-madras-vert\\\/\",\"url\":\"https:\\\/\\\/www.curlynights.com\\\/fr\\\/shop\\\/short-madras-vert\\\/\",\"name\":\"Short MADRAS VERT &#8902; Curly Nights\",\"isPartOf\":{\"@id\":\"https:\\\/\\\/www.curlynights.com\\\/fr\\\/#website\"},\"primaryImageOfPage\":{\"@id\":\"https:\\\/\\\/www.curlynights.com\\\/fr\\\/shop\\\/short-madras-vert\\\/#primaryimage\"},\"image\":{\"@id\":\"https:\\\/\\\/www.curlynights.com\\\/fr\\\/shop\\\/short-madras-vert\\\/#primaryimage\"},\"thumbnailUrl\":\"https:\\\/\\\/www.curlynights.com\\\/wp-content\\\/uploads\\\/2020\\\/07\\\/2020-35-1-2-1.jpg\",\"datePublished\":\"2020-07-22T11:09:24+00:00\",\"dateModified\":\"2022-12-07T15:28:55+00:00\",\"description\":\"Le petit short de pyjama en madras \u00e0 poches Curly Nights que vous ne voudrez plus quitter, \u00e0 porter de jour comme de nuit !\",\"breadcrumb\":{\"@id\":\"https:\\\/\\\/www.curlynights.com\\\/fr\\\/shop\\\/short-madras-vert\\\/#breadcrumb\"},\"inLanguage\":\"fr-FR\",\"potentialAction\":[{\"@type\":\"ReadAction\",\"target\":[\"https:\\\/\\\/www.curlynights.com\\\/fr\\\/shop\\\/short-madras-vert\\\/\"]}]},{\"@type\":\"ImageObject\",\"inLanguage\":\"fr-FR\",\"@id\":\"https:\\\/\\\/www.curlynights.com\\\/fr\\\/shop\\\/short-madras-vert\\\/#primaryimage\",\"url\":\"https:\\\/\\\/www.curlynights.com\\\/wp-content\\\/uploads\\\/2020\\\/07\\\/2020-35-1-2-1.jpg\",\"contentUrl\":\"https:\\\/\\\/www.curlynights.com\\\/wp-content\\\/uploads\\\/2020\\\/07\\\/2020-35-1-2-1.jpg\",\"width\":1024,\"height\":1024,\"caption\":\"Short Pyjama Madras Vert Coton Curly Nights\"},{\"@type\":\"BreadcrumbList\",\"@id\":\"https:\\\/\\\/www.curlynights.com\\\/fr\\\/shop\\\/short-madras-vert\\\/#breadcrumb\",\"itemListElement\":[{\"@type\":\"ListItem\",\"position\":1,\"name\":\"Startseite\",\"item\":\"https:\\\/\\\/www.curlynights.com\\\/fr\\\/\"},{\"@type\":\"ListItem\",\"position\":2,\"name\":\"Boutique\",\"item\":\"https:\\\/\\\/www.curlynights.com\\\/fr\\\/boutique\\\/\"},{\"@type\":\"ListItem\",\"position\":3,\"name\":\"Short MADRAS VERT\"}]},{\"@type\":\"WebSite\",\"@id\":\"https:\\\/\\\/www.curlynights.com\\\/fr\\\/#website\",\"url\":\"https:\\\/\\\/www.curlynights.com\\\/fr\\\/\",\"name\":\"Curly Nights\",\"description\":\"Bonnets de nuit, de soin et taies d&#039;oreiller en wax et satin\",\"publisher\":{\"@id\":\"https:\\\/\\\/www.curlynights.com\\\/fr\\\/#organization\"},\"potentialAction\":[{\"@type\":\"SearchAction\",\"target\":{\"@type\":\"EntryPoint\",\"urlTemplate\":\"https:\\\/\\\/www.curlynights.com\\\/fr\\\/?s={search_term_string}\"},\"query-input\":{\"@type\":\"PropertyValueSpecification\",\"valueRequired\":true,\"valueName\":\"search_term_string\"}}],\"inLanguage\":\"fr-FR\"},{\"@type\":\"Organization\",\"@id\":\"https:\\\/\\\/www.curlynights.com\\\/fr\\\/#organization\",\"name\":\"Curly Nights\",\"url\":\"https:\\\/\\\/www.curlynights.com\\\/fr\\\/\",\"logo\":{\"@type\":\"ImageObject\",\"inLanguage\":\"fr-FR\",\"@id\":\"https:\\\/\\\/www.curlynights.com\\\/fr\\\/#\\\/schema\\\/logo\\\/image\\\/\",\"url\":\"https:\\\/\\\/www.curlynights.com\\\/wp-content\\\/uploads\\\/2018\\\/08\\\/cropped-LOGO-GLYNNIS.png\",\"contentUrl\":\"https:\\\/\\\/www.curlynights.com\\\/wp-content\\\/uploads\\\/2018\\\/08\\\/cropped-LOGO-GLYNNIS.png\",\"width\":1024,\"height\":276,\"caption\":\"Curly Nights\"},\"image\":{\"@id\":\"https:\\\/\\\/www.curlynights.com\\\/fr\\\/#\\\/schema\\\/logo\\\/image\\\/\"}}]}<\/script>\n<!-- \/ Yoast SEO plugin. -->","yoast_head_json":{"title":"Short MADRAS VERT &#8902; Curly Nights","description":"Le petit short de pyjama en madras \u00e0 poches Curly Nights que vous ne voudrez plus quitter, \u00e0 porter de jour comme de nuit !","robots":{"index":"index","follow":"follow","max-snippet":"max-snippet:-1","max-image-preview":"max-image-preview:large","max-video-preview":"max-video-preview:-1"},"canonical":"https:\/\/www.curlynights.com\/fr\/shop\/short-madras-vert\/","og_locale":"fr_FR","og_type":"article","og_title":"Short MADRAS VERT &#8902; Curly Nights","og_description":"Le petit short de pyjama en madras \u00e0 poches Curly Nights que vous ne voudrez plus quitter, \u00e0 porter de jour comme de nuit !","og_url":"https:\/\/www.curlynights.com\/fr\/shop\/short-madras-vert\/","og_site_name":"Curly Nights","article_modified_time":"2022-12-07T15:28:55+00:00","og_image":[{"width":1024,"height":1024,"url":"https:\/\/www.curlynights.com\/wp-content\/uploads\/2020\/07\/2020-35-1-2-1.jpg","type":"image\/jpeg"}],"twitter_card":"summary_large_image","twitter_misc":{"Dur\u00e9e de lecture estim\u00e9e":"1 minute"},"schema":{"@context":"https:\/\/schema.org","@graph":[{"@type":"WebPage","@id":"https:\/\/www.curlynights.com\/fr\/shop\/short-madras-vert\/","url":"https:\/\/www.curlynights.com\/fr\/shop\/short-madras-vert\/","name":"Short MADRAS VERT &#8902; Curly Nights","isPartOf":{"@id":"https:\/\/www.curlynights.com\/fr\/#website"},"primaryImageOfPage":{"@id":"https:\/\/www.curlynights.com\/fr\/shop\/short-madras-vert\/#primaryimage"},"image":{"@id":"https:\/\/www.curlynights.com\/fr\/shop\/short-madras-vert\/#primaryimage"},"thumbnailUrl":"https:\/\/www.curlynights.com\/wp-content\/uploads\/2020\/07\/2020-35-1-2-1.jpg","datePublished":"2020-07-22T11:09:24+00:00","dateModified":"2022-12-07T15:28:55+00:00","description":"Le petit short de pyjama en madras \u00e0 poches Curly Nights que vous ne voudrez plus quitter, \u00e0 porter de jour comme de nuit !","breadcrumb":{"@id":"https:\/\/www.curlynights.com\/fr\/shop\/short-madras-vert\/#breadcrumb"},"inLanguage":"fr-FR","potentialAction":[{"@type":"ReadAction","target":["https:\/\/www.curlynights.com\/fr\/shop\/short-madras-vert\/"]}]},{"@type":"ImageObject","inLanguage":"fr-FR","@id":"https:\/\/www.curlynights.com\/fr\/shop\/short-madras-vert\/#primaryimage","url":"https:\/\/www.curlynights.com\/wp-content\/uploads\/2020\/07\/2020-35-1-2-1.jpg","contentUrl":"https:\/\/www.curlynights.com\/wp-content\/uploads\/2020\/07\/2020-35-1-2-1.jpg","width":1024,"height":1024,"caption":"Short Pyjama Madras Vert Coton Curly Nights"},{"@type":"BreadcrumbList","@id":"https:\/\/www.curlynights.com\/fr\/shop\/short-madras-vert\/#breadcrumb","itemListElement":[{"@type":"ListItem","position":1,"name":"Startseite","item":"https:\/\/www.curlynights.com\/fr\/"},{"@type":"ListItem","position":2,"name":"Boutique","item":"https:\/\/www.curlynights.com\/fr\/boutique\/"},{"@type":"ListItem","position":3,"name":"Short MADRAS VERT"}]},{"@type":"WebSite","@id":"https:\/\/www.curlynights.com\/fr\/#website","url":"https:\/\/www.curlynights.com\/fr\/","name":"Curly Nights","description":"Bonnets de nuit, de soin et taies d&#039;oreiller en wax et satin","publisher":{"@id":"https:\/\/www.curlynights.com\/fr\/#organization"},"potentialAction":[{"@type":"SearchAction","target":{"@type":"EntryPoint","urlTemplate":"https:\/\/www.curlynights.com\/fr\/?s={search_term_string}"},"query-input":{"@type":"PropertyValueSpecification","valueRequired":true,"valueName":"search_term_string"}}],"inLanguage":"fr-FR"},{"@type":"Organization","@id":"https:\/\/www.curlynights.com\/fr\/#organization","name":"Curly Nights","url":"https:\/\/www.curlynights.com\/fr\/","logo":{"@type":"ImageObject","inLanguage":"fr-FR","@id":"https:\/\/www.curlynights.com\/fr\/#\/schema\/logo\/image\/","url":"https:\/\/www.curlynights.com\/wp-content\/uploads\/2018\/08\/cropped-LOGO-GLYNNIS.png","contentUrl":"https:\/\/www.curlynights.com\/wp-content\/uploads\/2018\/08\/cropped-LOGO-GLYNNIS.png","width":1024,"height":276,"caption":"Curly Nights"},"image":{"@id":"https:\/\/www.curlynights.com\/fr\/#\/schema\/logo\/image\/"}}]}},"_links":{"self":[{"href":"https:\/\/www.curlynights.com\/fr\/wp-json\/wp\/v2\/product\/6767","targetHints":{"allow":["GET"]}}],"collection":[{"href":"https:\/\/www.curlynights.com\/fr\/wp-json\/wp\/v2\/product"}],"about":[{"href":"https:\/\/www.curlynights.com\/fr\/wp-json\/wp\/v2\/types\/product"}],"wp:featuredmedia":[{"embeddable":true,"href":"https:\/\/www.curlynights.com\/fr\/wp-json\/wp\/v2\/media\/6769"}],"wp:attachment":[{"href":"https:\/\/www.curlynights.com\/fr\/wp-json\/wp\/v2\/media?parent=6767"}],"wp:term":[{"taxonomy":"product_brand","embeddable":true,"href":"https:\/\/www.curlynights.com\/fr\/wp-json\/wp\/v2\/product_brand?post=6767"},{"taxonomy":"product_cat","embeddable":true,"href":"https:\/\/www.curlynights.com\/fr\/wp-json\/wp\/v2\/product_cat?post=6767"},{"taxonomy":"product_tag","embeddable":true,"href":"https:\/\/www.curlynights.com\/fr\/wp-json\/wp\/v2\/product_tag?post=6767"}],"curies":[{"name":"wp","href":"https:\/\/api.w.org\/{rel}","templated":true}]}}

<p>Tour de taille réglable : 40-100 cm</p>
<p>Portez votre short taille haute ou sur les hanches.</p>
<p>Longueur: 40 cm</p>
<p>Longueur à l&rsquo;entrejambe : 12 cm</p>
<p>Tour de hanches : 110 cm</p>
<p>Tour de cuisse : 70 cm</p>

<p>Stylée de la nuit au brunch : sentez-vous à l&rsquo;aise dans votre petit short en madras !</p>
<ul>
<li>100% coton madras</li>
<li>réglable grâce à la taille élastique et aux rubans en satin</li>
<li>2 poches côté invisibles</li>
</ul>

<!-- This site is optimized with the Yoast SEO plugin v27.4 - https://yoast.com/product/yoast-seo-wordpress/ -->
<title>Short MADRAS VERT &#8902; Curly Nights</title>
<meta name="description" content="Le petit short de pyjama en madras à poches Curly Nights que vous ne voudrez plus quitter, à porter de jour comme de nuit !" />
<meta name="robots" content="index, follow, max-snippet:-1, max-image-preview:large, max-video-preview:-1" />
<link rel="canonical" href="https://www.curlynights.com/fr/shop/short-madras-vert/" />
<meta property="og:locale" content="fr_FR" />
<meta property="og:type" content="article" />
<meta property="og:title" content="Short MADRAS VERT &#8902; Curly Nights" />
<meta property="og:description" content="Le petit short de pyjama en madras à poches Curly Nights que vous ne voudrez plus quitter, à porter de jour comme de nuit !" />
<meta property="og:url" content="https://www.curlynights.com/fr/shop/short-madras-vert/" />
<meta property="og:site_name" content="Curly Nights" />
<meta property="article:modified_time" content="2022-12-07T15:28:55+00:00" />
<meta property="og:image" content="https://www.curlynights.com/wp-content/uploads/2020/07/2020-35-1-2-1.jpg" />
	<meta property="og:image:width" content="1024" />
	<meta property="og:image:height" content="1024" />
	<meta property="og:image:type" content="image/jpeg" />
<meta name="twitter:card" content="summary_large_image" />
<meta name="twitter:label1" content="Durée de lecture estimée" />
	<meta name="twitter:data1" content="1 minute" />
<script type="application/ld+json" class="yoast-schema-graph">{"@context":"https:\/\/schema.org","@graph":[{"@type":"WebPage","@id":"https:\/\/www.curlynights.com\/fr\/shop\/short-madras-vert\/","url":"https:\/\/www.curlynights.com\/fr\/shop\/short-madras-vert\/","name":"Short MADRAS VERT &#8902; Curly Nights","isPartOf":{"@id":"https:\/\/www.curlynights.com\/fr\/#website"},"primaryImageOfPage":{"@id":"https:\/\/www.curlynights.com\/fr\/shop\/short-madras-vert\/#primaryimage"},"image":{"@id":"https:\/\/www.curlynights.com\/fr\/shop\/short-madras-vert\/#primaryimage"},"thumbnailUrl":"https:\/\/www.curlynights.com\/wp-content\/uploads\/2020\/07\/2020-35-1-2-1.jpg","datePublished":"2020-07-22T11:09:24+00:00","dateModified":"2022-12-07T15:28:55+00:00","description":"Le petit short de pyjama en madras à poches Curly Nights que vous ne voudrez plus quitter, à porter de jour comme de nuit !","breadcrumb":{"@id":"https:\/\/www.curlynights.com\/fr\/shop\/short-madras-vert\/#breadcrumb"},"inLanguage":"fr-FR","potentialAction":[{"@type":"ReadAction","target":["https:\/\/www.curlynights.com\/fr\/shop\/short-madras-vert\/"]}]},{"@type":"ImageObject","inLanguage":"fr-FR","@id":"https:\/\/www.curlynights.com\/fr\/shop\/short-madras-vert\/#primaryimage","url":"https:\/\/www.curlynights.com\/wp-content\/uploads\/2020\/07\/2020-35-1-2-1.jpg","contentUrl":"https:\/\/www.curlynights.com\/wp-content\/uploads\/2020\/07\/2020-35-1-2-1.jpg","width":1024,"height":1024,"caption":"Short Pyjama Madras Vert Coton Curly Nights"},{"@type":"BreadcrumbList","@id":"https:\/\/www.curlynights.com\/fr\/shop\/short-madras-vert\/#breadcrumb","itemListElement":[{"@type":"ListItem","position":1,"name":"Startseite","item":"https:\/\/www.curlynights.com\/fr\/"},{"@type":"ListItem","position":2,"name":"Boutique","item":"https:\/\/www.curlynights.com\/fr\/boutique\/"},{"@type":"ListItem","position":3,"name":"Short MADRAS VERT"}]},{"@type":"WebSite","@id":"https:\/\/www.curlynights.com\/fr\/#website","url":"https:\/\/www.curlynights.com\/fr\/","name":"Curly Nights","description":"Bonnets de nuit, de soin et taies d&#039;oreiller en wax et satin","publisher":{"@id":"https:\/\/www.curlynights.com\/fr\/#organization"},"potentialAction":[{"@type":"SearchAction","target":{"@type":"EntryPoint","urlTemplate":"https:\/\/www.curlynights.com\/fr\/?s={search_term_string}"},"query-input":{"@type":"PropertyValueSpecification","valueRequired":true,"valueName":"search_term_string"}}],"inLanguage":"fr-FR"},{"@type":"Organization","@id":"https:\/\/www.curlynights.com\/fr\/#organization","name":"Curly Nights","url":"https:\/\/www.curlynights.com\/fr\/","logo":{"@type":"ImageObject","inLanguage":"fr-FR","@id":"https:\/\/www.curlynights.com\/fr\/#\/schema\/logo\/image\/","url":"https:\/\/www.curlynights.com\/wp-content\/uploads\/2018\/08\/cropped-LOGO-GLYNNIS.png","contentUrl":"https:\/\/www.curlynights.com\/wp-content\/uploads\/2018\/08\/cropped-LOGO-GLYNNIS.png","width":1024,"height":276,"caption":"Curly Nights"},"image":{"@id":"https:\/\/www.curlynights.com\/fr\/#\/schema\/logo\/image\/"}}]}</script>
<!-- / Yoast SEO plugin. -->

Le petit short de pyjama en madras à poches Curly Nights que vous ne voudrez plus quitter, à porter de jour comme de nuit !
